the prime factors of y?
2, 3
Suppose -7*x = -2*x - 275. List the prime factors of x.
5, 11
Suppose 3*o - 25 = -2*o + 3*p, 2*o + p = -1. List the prime factors of o.
2
Let m be 1/(-2) - (-1396)/(-8). What are the prime factors of (m/(-10))/((-1)/(-2))?
5, 7
Let r = 44 - -16. List the prime factors of r.
2, 3, 5
Suppose -3 = 3*b + i - 2, -2*b - i = 1. Suppose 5*y - 6*y + 9 = b. What are the prime factors of y?
3
Let j(k) = 1. Let t(b) = -b + 3. Let g(h) = 5*j(h) + t(h). List the prime factors of g(-12).
2, 5
Suppose -5*b + 2*b = -111. Let q = b - 14. What are the prime factors of q?
23
Let z(i) = 2*i - 4. Let b(n) = n**3 - 4*n**2 - 4*n. Let h be b(5). Suppose -x + h = -0*x. What are the prime factors of z(x)?
2, 3
Let k(u) = u**3 - 4*u + 3. Suppose 2 = -0*i + i. What are the prime factors of k(i)?
3
Let w(j) = -9*j - 21. Let i(b) = b - 1. Let s(k) = 4*i(k) - w(k). Let y(p) = 7*p + 8. Let n(h) = -4*s(h) + 7*y(h). List the prime factors of n(-9).
3, 5
Let k(z) = -z**2 - 6*z. Let b be k(-6). What are the prime factors of (2 - b) + 1 + 0?
3
Let n(x) = -18*x**2 + x + 1. Let t be n(-1). What are the prime factors of 24/t*45/(-2)?
2, 3, 5
Suppose -3*r = -54 - 45. List the prime factors of r.
3, 11
Let x be (6/3 + -7)/(-1). Let f(j) = -5*j**2 - 6*j + j**3 + 6 + 6*j. What are the prime factors of f(x)?
2, 3
Let a(b) = -2*b - 9. Let n be a(-6). Suppose n*q + 24 = 2*r, 0 = 4*r - q - 47 + 9. List the prime factors of r.
3
Let r(s) = -s**3 - 4*s**2 + 4*s. Let m be (-96)/(-9) + (-4)/6. Suppose 0 = -i - i - m. What are the prime factors of r(i)?
5
Let v = 40 - -32. List the prime factors of v.
2, 3
Let u(d) = -6*d + 7. Let j be u(6). Let b = -15 - j. What are the prime factors of b?
2, 7
Let h be (-1)/(-2) - 30/(-4). Suppose 3*b + 115 = h*b. What are the prime factors of b?
23
Let y = 0 + 5. Let g = 4 + y. What are the prime factors of g?
3
Let w(u) = -u**2 + 3. Let y(d) = -1. Let m(o) = -5*w(o) - 15*y(o). Let a be m(1). Suppose a*f = 7 + 3. What are the prime factors of f?
2
Let t = 10 + -14. Let r be (0 - -1) + 5 + t. Suppose 0 = -g + 11 - r. List the prime factors of g.
3
Suppose 5*p - 83 - 217 = 0. Suppose p + 5 = 5*b. Let u = -6 + b. List the prime factors of u.
7
Let x = 20 + -40. Let w = -14 - x. List the prime factors of 4 - -8 - w/2.
3
Let g = -205 + 291. What are the prime factors of g?
2, 43
Let m(o) = o**3 + 4*o**2 - 5*o + 5. Let s be m(-5). Suppose 4*p + s*q = -14, -14 = 5*p + 5*q + 6. What are the prime factors of (p/(-9))/(2/36)?
2, 3
Let r(d) = -d**2 - 5*d + 1. Let b = 14 - 20. Let m be (0 - 8)*(-3)/b. List the prime factors of r(m).
5
Suppose -c + 2*c + 18 = g, 0 = 2*g - 4*c - 38. What are the prime factors of g?
17
Let i be (1/(-3))/((-1)/12). Suppose -3*x + 0*p + 2*p = -28, 10 = -5*p. Let v = x - i. List the prime factors of v.
2
Suppose 4*v + 1 = 13. Let m = v - -5. List the prime factors of m.
2
Suppose 4*v = -16 + 272. What are the prime factors of v?
2
Let l(y) = -y**2 - 4*y. Let s be l(-4). Suppose -21 = 3*m - 141. Suppose 5*u + 5*f - 60 = 0, 3*u + u + 2*f - m = s. What are the prime factors of u?
2
Let n = -10 - -12. Let s = 2 + n. What are the prime factors of s?
2
Suppose 5*x - 4*i = 655, -i + 3 = -2. List the prime factors of x.
3, 5
Let g(h) be the third derivative of h**6/120 + h**5/30 - h**4/4 - h**3/2 + 2*h**2. Let p be g(-4). What are the prime factors of 1*(-2 - p - -2)?
11
Let u(h) = -h - 2. Let w be u(6). Let s = w + 42. List the prime factors of s.
2, 17
Let a(p) = 4*p**2 + 7*p - 3. List the prime factors of a(-5).
2, 31
Suppose 0 = -j - 3, -5*j + 13 = -4*a + 60. Let o(r) = -r**3 + 7*r**2 + 10*r - 6. List the prime factors of o(a).
2, 5
Let b = 196 + -98. What are the prime factors of b?
2, 7
Let b(j) = -j**3 + 4*j**2 - 3*j + 4. Let n be b(3). Let g = n + -35. Let d = g - -43. List the prime factors of d.
2, 3
Let l = 14 + 40. What are the prime factors of l?
2, 3
Let g(l) = -13*l**3 + l**2 - 1. Suppose 0 = -0*d - d - 1. List the prime factors of g(d).
13
Suppose x = -4 + 9. Suppose o - 5*y - 7 = 10, 0 = 4*o + y - x. Suppose -o*f - n + 14 = f, -5*f - 3*n + 18 = 0. What are the prime factors of f?
2, 3
Let g = 29 - 17. List the prime factors of (g/(-16))/(2/(-56)).
3, 7
Suppose -5 = -n - 3*t, -4*t = -n - 0*n - 2. Suppose -2*w + 22 = -n. Suppose -3*p + w = 3. What are the prime factors of p?
3
Let r = 52 + -10. List the prime factors of r.
2, 3, 7
Suppose -4*v + 2 = -6. List the prime factors of (5 - -7)*1/v.
2, 3
Let n(v) = v**2 + v - 4. Let o be n(-4). Suppose -3*l + 8 = m, -l + 2*m + o = l. Suppose l*y = 13 + 32. List the prime factors of y.
3, 5
Suppose -6*w = -1073 - 229. What are the prime factors of w?
7, 31
Let m be (-4)/14 - 8/(-28). Suppose g - 2*g - 6 = m. List the prime factors of (-3)/((-3)/(-2))*g.
2, 3
Let p = -10 + -7. Let l = -10 - p. List the prime factors of l.
7
Let z(m) = -m**3 - m**2 + 35. Let b be z(0). List the prime factors of ((-24)/(-10))/(14/b).
2, 3
Suppose 12 = o + 2*o. List the prime factors of o.
2
Suppose 3*f + 2*o - 194 = 0, 0 = 5*f - 3*o - 157 - 179. What are the prime factors of f?
2, 3, 11
Let h(k) = 3 + k**3 + 3*k + 4*k**2 - 2*k**2 + 4*k**2. List the prime factors of h(-5).
13
Let n = -4 - -2. What are the prime factors of (-1)/(27/(-13) - n)?
13
Suppose 0 = -4*w - 8 + 68. Let l be 2/(((-24)/w)/(-4)). Suppose 0 = -l*o - 5, 38 = 4*n - 3*o - 9. List the prime factors of n.
11
Let b(d) = d**3 - 9*d**2 + 2*d + 5. Suppose -5*u + 42 = 3*a, 3*u + 34 = 7*u + 2*a. List the prime factors of b(u).
23
Let s = 112 - 11. List the prime factors of s.
101
Let t(v) = -v**3 + 5*v**2 - v + 5. Let m be t(5). Suppose -5*g = -m*g - 130. Let y = -14 + g. List the prime factors of y.
2, 3
Let v = -579 - -892. List the prime factors of v.
313
Let b(d) = d + 1. Let i be b(-12). Let u = i - -22. List the prime factors of u.
11
Let s = 451 + -268. What are the prime factors of s?
3, 61
Let j(y) = -y**3 + 7*y**2 - 5*y - 3. Let n be j(6). Suppose -x + n = -2. Suppose 13 = t + x. List the prime factors of t.
2
Let z be 0/(-3)*1/(-2). Let v(x) be the first derivative of x**3/3 + x**2/2 + 2*x + 13. What are the prime factors of v(z)?
2
List the prime factors of ((-522)/(-15))/(2/20).
2, 3, 29
Let b = -35 + 67. Suppose 4*a + b = 4*o, -12 = -3*o - 5*a + 36. What are the prime factors of o?
11
Let a(r) = -r**3 + 12*r**2 - 13*r - 19. List the prime factors of a(8).
7, 19
Suppose 0 = -3*f - 4*l + 658, -6 = 5*l + 4. What are the prime factors of f?
2, 3, 37
Let j(n) = -n**3 - 6*n**2 - 12*n - 12. Let c be j(-5). Suppose 24*q - 15 = c*q. List the prime factors of q.
3, 5
Suppose 25*q - 2496 = 17*q. List the prime factors of q.
2, 3, 13
What are the prime factors of 0 + -4 + 4 - -40?
2, 5
List the prime factors of 4947/21 + 28/(-49).
5, 47
Let c(t) = -10*t + 5. Let n(j) = -j. Let x(o) = -c(o) + 6*n(o). What are the prime factors of x(5)?
3, 5
Let p be ((-2)/(-3))/((-3)/(-18)). Let u = 1 - -8. Suppose 21 - u = p*b. List the prime factors of b.
3
Let y = 9 - -6. Suppose 5*w + 23 = 2*z, 0 = -4*w - 0*w + 5*z - y. Let b(s) = 2*s**2 + 7*s + 6. List the prime factors of b(w).
3, 7
Suppose 5*f = 19 + 1. Let i(t) = -4 - f*t - 3 + 3*t + 2. What are the prime factors of i(-8)?
3
Suppose -20 = -4*o - 0. What are the prime factors of o?
5
Let d = 180 - 43. What are the prime factors of d?
137
Let l(g) = -2*g + 12. Let m be l(9). Let y = m - -14. What are the prime factors of y?
2
Let d(a) = -a**2 + 8*a + 20. List the prime factors of d(9).
11
Let n = 31 + -15. Let v = n - -1. What are the prime factors of v?
17
Let l = -1 + 3. Suppose -5*f - 10 = 0, -2*f - 3*f - 2 = l*x. What are the prime factors of x?
2
Let l = 235 - 118. List the prime factors of l.
3, 13
Let g(q) = 2*q**3 - q**2 + 4*q + 6. What are the prime factors of g(4)?
2, 67
Suppose 2*n = -0*n + 12. Let t = n - -11. List the prime factors of t.
17
Suppose 0*a - 2*a + 2 = 0. Suppose -3*f - 5*l - a = -39, 2 = 2*l. What are the prime factors of f?
11
Suppose 0 = l + i - 103 + 16, -i + 5 = 0. List the prime factors of l.
2, 41
Let d(z) = 6*z + 2. List the prime factors of d(2).
2, 7
Suppose 0 = l + 10 - 3. Let a = l + 5. List the prime factors of 2 - a - 2 - -11.
13
Suppose 8*p - 1215 = 49. What are the prime factors of p?
2, 79
Suppose 2*g - 3*g = -2*t + 4, 5*g = 2*t - 4. Suppose 